nds digit of 22283740?
8
What is the hundred millions digit of 594012183?
5
What is the ten millions digit of 28394028?
2
What is the ten millions digit of 48133528?
4
What is the ten thousands digit of 704110786?
1
What is the ten thousands digit of 176185584?
8
What is the hundred millions digit of 3909243336?
9
What is the units digit of 369049418?
8
What is the millions digit of 5309112294?
9
What is the units digit of 4863012401?
1
What is the tens digit of 447300946?
4
What is the thousands digit of 182925881?
5
What is the tens digit of 93953753?
5
What is the thousands digit of 40265485?
5
What is the tens digit of 26312056?
5
What is the thousands digit of 72339353?
9
What is the ten millions digit of 62650924?
6
What is the units digit of 2488871195?
5
What is the ten thousands digit of 50024886?
2
What is the ten thousands digit of 590276672?
7
What is the thousands digit of 1326448593?
8
What is the billions digit of 1629659017?
1
What is the ten thousands digit of 759616082?
1
What is the ten millions digit of 3950720045?
5
What is the hundred thousands digit of 1093252385?
2
What is the hundreds digit of 32893183?
1
What is the thousands digit of 68404486?
4
What is the millions digit of 924725291?
4
What is the hundreds digit of 3039798717?
7
What is the hundreds digit of 460057413?
4
What is the ten thousands digit of 46664617?
6
What is the ten millions digit of 139339703?
3
What is the thousands digit of 584598320?
8
What is the ten thousands digit of 947973667?
7
What is the units digit of 17876856?
6
What is the hundred thousands digit of 59100443?
1
What is the hundreds digit of 8727960?
9
What is the ten thousands digit of 214646436?
4
What is the thousands digit of 138777900?
7
What is the ten millions digit of 18830453?
1
What is the hundred thousands digit of 623401799?
4
What is the hundreds digit of 107823111?
1
What is the tens digit of 99055757?
5
What is the ten thousands digit of 54526951?
2
What is the ten millions digit of 258681991?
5
What is the hundreds digit of 549565009?
0
What is the hundred thousands digit of 349230529?
2
What is the tens digit of 428412183?
8
What is the thousands digit of 58011122?
1
What is the ten millions digit of 137770004?
3
What is the ten millions digit of 881023081?
8
What is the units digit of 1161121363?
3
What is the hundred millions digit of 367579727?
3
What is the millions digit of 502001140?
2
What is the ten millions digit of 122175630?
2
What is the billions digit of 1147765920?
1
What is the hundreds digit of 51844792?
7
What is the hundred thousands digit of 2448055284?
0
What is the hundred thousands digit of 20142813?
1
What is the ten millions digit of 253371576?
5
What is the hundred thousands digit of 14341303?
3
What is the billions digit of 3393917222?
3
What is the hundreds digit of 726641427?
4
What is the billions digit of 1321941180?
1
What is the hundred thousands digit of 3233722651?
7
What is the units digit of 291261259?
9
What is the units digit of 39503180?
0
What is the tens digit of 26892393?
9
What is the ten millions digit of 3062524807?
6
What is the hundred thousands digit of 130513529?
5
What is the ten thousands digit of 225914741?
1
What is the ten millions digit of 145761617?
4
What is the thousands digit of 20760893?
0
What is the hundreds digit of 2595334445?
4
What is the tens digit of 274137289?
8
What is the units digit of 1884650982?
2
What is the ten thousands digit of 101213468?
1
What is the tens digit of 33798806?
0
What is the hundred thousands digit of 62878450?
8
What is the hundred millions digit of 5481906695?
4
What is the ten millions digit of 75571648?
7
What is the billions digit of 7880580849?
7
What is the thousands digit of 448780964?
0
What is the units digit of 1448373997?
7
What is the millions digit of 205183921?
5
What is the ten thousands digit of 312177610?
7
What is the thousands digit of 1383538712?
8
What is the hundred millions digit of 335113945?
3
What is the hundred millions digit of 430152617?
4
What is the units digit of 291655449?
9
What is the millions digit of 41475920?
1
What is the millions digit of 3334808116?
4
What is the units digit of 76218473?
3
What is the thousands digit of 2479731283?
1
What is the hundred thousands digit of 2973161388?
1
What is the thousands digit of 765613757?
3
What is the thousands digit of 1891777288?
7
What is the hundreds digit of 48593370?
3
What is the units digit of 2964312445?
5
What is the ten thousands digit of 4134250009?
5
What is the ten millions digit of 93535527?
9
What is the millions digit of 74726650?
4
What is the ten thousands digit of 1249760811?
6
What is the thousands digit of 20094892?
4
What is the ten thousands digit of 830401579?
0
What is the ten millions digit of 144801806?
4
What is the units digit of 183611560?
0
What is the ten thousands digit of 80333956?
3
What is the units digit of 3076920330?
0
What is the hundreds digit of 14068367?
3
What is the thousands digit of 80851256?
1
What is the ten millions digit of 11176842?
1
What is the thousands digit of 6560425?
0
What is the thousands digit of 5351942829?
2
What is the hundred thousands digit of 31802806?
8
What is the thousands digit of 1327271647?
1
What is the ten millions digit of 17259117?
1
What is the thousands digit of 17639671?
9
What is the units digit of 849273686?
6
What is the tens digit of 46877943?
4
What is the tens digit of 142180647?
4
What is the tens digit of 1979349993?
9
What is the units digit of 24160488?
8
What is the ten millions digit of 708119713?
0
What is the ten millions digit of 29931523?
2
What is the ten thousands digit of 448271351?
7
What is the hundred thousands digit of 1691493697?
4
What is the millions digit of 529408107?
9
What is the millions digit of 348586870?
8
What is the hundred millions digit of 1441691050?
4
What is the hundred thousands digit of 2815454518?
4
What is the units digit of 354891467?
7
What is the millions digit of 61574009?
1
What is the ten thousands digit of 72929295?
2
What is the tens digit of 34172291?
9
What is the ten thousands digit of 2710010318?
1
What is the hundreds digit of 37350148?
1
What is the millions digit of 79401458?
9
What is the millions digit of 7005342403?
5
What is the billions digit of 1092658008?
1
What is the tens digit of 1144374494?
9
What is the units digit of 61760045?
5
What is the units digit of 11105359?
9
What is the units digit of 5175142493?
3
What is the ten thousands digit of 610396675?
9
What is the thousands digit of 2756321282?
1
What is the ten thousands digit of 174132272?
3
What is the millions digit of 5176530?
5
What is the hundred millions digit of 1324460512?
3
What is the hundred thousands digit of 534029205?
0
What is the tens digit of 1683810553?
5
What is the ten thousands digit of 30461110?
6
What is the thousands digit of 6633219597?
9
What is the ten thousands digit of 66880367?
8
What is the hundreds digit of 468780347?
3
What is the hundreds digit of 1753493579?
5
What is the ten thousands digit of 4189169170?
6
What is the thousands digit of 386731458?
1
What is the hundred millions digit of 439971887?
4
What is the millions digit of 67161318?
7
What is the hundred millions digit of 213920728?
2
What is the millions digit of 3038334504?
8
What is the tens digit of 225742474?
7
What is the hundred thousands digit of 1481802030?
8
What is the millions digit of 4330473517?
0
What is the hundreds digit of 501767498?
4
What is the billions digit of 4575496788?
4
What is the millions digit of 233445901?
3
What is the units digit of 83096615?
5
What is the tens digit of 477257758?
5
What is the hundred thousands digit of 10637192?
6
What is the millions digit of 27744680?
7
What is the millions digit of 217028204?
7
What is the hundred thousands digit of 2089160928?
1
What is the hundred millions digit of 784885612?
7
What is the hundred thousands digit of 35348463?
3
What is the hundred thousands digit of 441775724?
7
What is the hundred thousands digit of 64667442?
6
What is the millions digit of 30464153?
0
What is the millions digit of 2482173?
2
What is the hundred millions digit of 2414535739?
4
What is the hundred millions digit of 305411504?
3
What is th